.
345
Calculate the remainder when 134173972 is divided by 41.
37
What is the remainder when 45204 is divided by 45193?
11
Calculate the remainder when 1887907 is divided by 538.
65
Calculate the remainder when 1320249 is divided by 264038.
59
What is the remainder when 217706 is divided by 1338?
950
What is the remainder when 43653 is divided by 4329?
363
Calculate the remainder when 1911633 is divided by 435.
243
Calculate the remainder when 42621109 is divided by 8524216.
29
Calculate the remainder when 30578 is divided by 68.
46
What is the remainder when 387336 is divided by 393?
231
Calculate the remainder when 4906 is divided by 1149.
310
Calculate the remainder when 53927 is divided by 17736.
719
Calculate the remainder when 74913 is divided by 261.
6
Calculate the remainder when 2011295 is divided by 93.
77
What is the remainder when 12739267 is divided by 4842?
4807
What is the remainder when 61465 is divided by 8286?
3463
Calculate the remainder when 22344834 is divided by 5.
4
Calculate the remainder when 22812396 is divided by 6221.
6210
What is the remainder when 515001 is divided by 8577?
381
What is the remainder when 133205553 is divided by 35?
33
What is the remainder when 11619 is divided by 11390?
229
What is the remainder when 19905078 is divided by 130?
128
What is the remainder when 39195758 is divided by 84?
14
What is the remainder when 6155062 is divided by 2335?
2
Calculate the remainder when 17776201 is divided by 341850.
1
What is the remainder when 7452869 is divided by 2329?
69
What is the remainder when 202995535 is divided by 1812460?
15
Calculate the remainder when 173240 is divided by 8456.
4120
What is the remainder when 35960505 is divided by 223357?
28
Calculate the remainder when 1507156 is divided by 49.
14
Calculate the remainder when 155771 is divided by 9600.
2171
Calculate the remainder when 5865327 is divided by 19.
8
Calculate the remainder when 7477766 is divided by 2511.
8
Calculate the remainder when 768789 is divided by 65.
34
Calculate the remainder when 50856 is divided by 3362.
426
Calculate the remainder when 53629798 is divided by 5958865.
13
What is the remainder when 29256424 is divided by 7314106?
0
Calculate the remainder when 2809995899 is divided by 14.
11
Calculate the remainder when 15142160 is divided by 93.
86
What is the remainder when 2179950 is divided by 212?
166
What is the remainder when 15645345 is divided by 7118?
7099
What is the remainder when 1410200 is divided by 470040?
80
What is the remainder when 7274885 is divided by 190?
165
Calculate the remainder when 61610097 is divided by 12322017.
12
What is the remainder when 44119464 is divided by 563?
532
Calculate the remainder when 2823968 is divided by 5715.
758
What is the remainder when 172187 is divided by 1205?
1077
What is the remainder when 43679328 is divided by 84323?
14
What is the remainder when 6941582 is divided by 203?
200
Calculate the remainder when 13908043 is divided by 220762.
37
Calculate the remainder when 9839944 is divided by 782.
38
What is the remainder when 17946782 is divided by 4827?
4823
Calculate the remainder when 5846259 is divided by 18044.
3
Calculate the remainder when 7647508 is divided by 960.
148
Calculate the remainder when 639287 is divided by 211883.
3638
Calculate the remainder when 44985186 is divided by 22492577.
32
What is the remainder when 1535765 is divided by 276?
101
What is the remainder when 2911704 is divided by 2691?
42
What is the remainder when 7073347 is divided by 20622?
1
Calculate the remainder when 494009 is divided by 98780.
109
What is the remainder when 487931 is divided by 243377?
1177
Calculate the remainder when 13510 is divided by 376.
350
Calculate the remainder when 96980482 is divided by 367.
365
Calculate the remainder when 59639767 is divided by 816983.
8
Calculate the remainder when 5937291 is divided by 50315.
121
What is the remainder when 16433972 is divided by 27?
17
Calculate the remainder when 5990348 is divided by 12126.
104
Calculate the remainder when 962823 is divided by 769.
35
What is the remainder when 4030195 is divided by 374?
345
What is the remainder when 1002388 is divided by 2252?
248
Calculate the remainder when 424940 is divided by 2399.
317
Calculate the remainder when 7425 is divided by 1141.
579
What is the remainder when 1326807 is divided by 4790?
4767
Calculate the remainder when 79187359 is divided by 14.
13
Calculate the remainder when 32522910 is divided by 1889.
1886
What is the remainder when 311 is divided by 44?
3
What is the remainder when 60072 is divided by 1507?
1299
Calculate the remainder when 230622 is divided by 2783.
2416
What is the remainder when 66333 is divided by 10914?
849
Calculate the remainder when 201892 is divided by 33529.
718
Calculate the remainder when 28619349 is divided by 72.
69
Calculate the remainder when 331462 is divided by 872.
102
Calculate the remainder when 119773 is divided by 9771.
2521
Calculate the remainder when 381577 is divided by 190573.
431
Calculate the remainder when 42749 is divided by 4458.
2627
Calculate the remainder when 1043373 is divided by 40128.
45
Calculate the remainder when 494534 is divided by 8801.
1678
Calculate the remainder when 410813 is divided by 203.
144
What is the remainder when 9761 is divided by 8926?
835
Calculate the remainder when 9089035 is divided by 10270.
85
What is the remainder when 23604955 is divided by 12?
7
Calculate the remainder when 1073100 is divided by 536538.
24
Calculate the remainder when 1885109 is divided by 2735.
694
What is the remainder when 26312 is divided by 1982?
546
What is the remainder when 1588085 is divided by 364?
317
What is the remainder when 1253094 is divided by 75?
69
Calculate the remainder when 165051 is divided by 347.
226
Calculate the remainder when 1605747 is divided by 1605746.
1
Calculate the remainder when 24741529 is divided by 9201.
40
Calculate the remainder when 39288459 is divided by 51.
48
Calculate the remainder when 1782375 is divided by 104842.
61
Calculate the remainder when 693536 is divided by 9358.
1044
Calculate the remainder when 3344569 is divided by 78.
7
Calculate the remainder when 510449 is divided by 39256.
121
What is the remainder when 234413857 is divided by 38?
27
What is the remainder when 2333037 is divided by 129612?
21
Calculate the remainder when 620238 is divided by 4350.
2538
What is the remainder when 4614260 is divided by 228?
224
What is the remainder when 60756428 is divided by 470?
468
What is the remainder when 44864996 is divided by 1875?
1871
What is the remainder when 2538609 is divided by 467?
464
Calculate the remainder when 453298 is divided by 453281.
17
What is the remainder when 8435979 is divided by 3?
0
Calculate the remainder when 4660735 is divided by 18.
13
Calculate the remainder when 1427782 is divided by 12.
10
What is the remainder when 200853 is divided by 50186?
109
What is the remainder when 95124 is divided by 435?
294
Calculate the remainder when 8128544 is divided by 44.
28
What is the remainder when 9687163 is divided by 4060?
3
What is the remainder when 1209609 is divided by 18900?
9
What is the remainder when 2002652 is divided by 3155?
2382
Calculate the remainder when 1117024 is divided by 289.
39
Calculate the remainder when 2086636 is divided by 19314.
724
Calculate the remainder when 671435 is divided by 3083.
2424
What is the remainder when 32199999 is divided by 35?
34
Calculate the remainder when 118147302 is divided by 91.
0
What is the remainder when 2082314 is divided by 5524?
5290
Calculate the remainder when 82546 is divided by 41271.
4
Calculate the remainder when 20228 is divided by 1219.
724
What is the remainder when 143836 is divided by 3002?
2742
What is the remainder when 8066621 is divided by 8066608?
13
Calculate the remainder when 777032 is divided by 7544.
0
What is the remainder when 1252797 is divided by 143?
117
Calculate the remainder when 27312518 is divided by 39.
38
Calculate the remainder when 3132468 is divided by 1044149.
21
What is the remainder when 204903 is divided by 204?
87
What is the remainder when 7601999 is divided by 1900483?
67
What is the remainder when 24009149 is divided by 5?